e factors of 4803931062?
2, 3, 7, 38126437
List the prime factors of 188260432.
2, 11766277
List the prime factors of 43547785.
5, 73, 229, 521
List the prime factors of 32317751.
283, 114197
What are the prime factors of 63413791?
7, 17, 269, 283
List the prime factors of 2626650732.
2, 3, 41, 5338721
List the prime factors of 15233247.
3, 1692583
List the prime factors of 3187391512.
2, 19, 43, 79, 6173
List the prime factors of 435467044.
2, 31, 61, 57571
List the prime factors of 947743711.
947743711
What are the prime factors of 41173681?
59, 71, 9829
What are the prime factors of 19217171?
37, 519383
List the prime factors of 778608447.
3, 259536149
What are the prime factors of 3109839768?
2, 3, 7, 6170317
List the prime factors of 222691767.
3, 227, 327007
List the prime factors of 237794543.
7, 33970649
List the prime factors of 297391284.
2, 3, 157, 17539
What are the prime factors of 1827507252?
2, 3, 152292271
What are the prime factors of 1139771618?
2, 1693, 336613
What are the prime factors of 4317369295?
5, 1297, 665747
List the prime factors of 3276656240.
2, 5, 11, 13, 286421
What are the prime factors of 81078115?
5, 41, 409, 967
What are the prime factors of 394004533?
13, 557, 54413
List the prime factors of 309469073.
37, 197, 42457
List the prime factors of 20463490.
2, 5, 2046349
What are the prime factors of 969038806?
2, 23, 37, 79, 7207
List the prime factors of 149521814.
2, 13, 97, 101, 587
What are the prime factors of 5922281?
19, 353, 883
What are the prime factors of 1817498018?
2, 7, 129821287
List the prime factors of 417058683.
3, 19, 41, 47, 3797
What are the prime factors of 1947120292?
2, 13, 23, 31, 52517
List the prime factors of 72210247.
72210247
List the prime factors of 798245283.
3, 11, 211, 114641
List the prime factors of 232793855.
5, 7, 950179
What are the prime factors of 678493462?
2, 677, 501103
List the prime factors of 3831815182.
2, 13, 29, 5081983
What are the prime factors of 494383303?
241, 2051383
What are the prime factors of 403103497?
23, 223, 78593
List the prime factors of 252020366.
2, 13, 67, 199, 727
List the prime factors of 228479790.
2, 3, 5, 7, 11, 98909
What are the prime factors of 417957299?
61, 6851759
List the prime factors of 5590435327.
113, 49472879
List the prime factors of 249750413.
11, 449, 4597
What are the prime factors of 41634314?
2, 29, 683, 1051
What are the prime factors of 265812560?
2, 5, 13, 255589
What are the prime factors of 38770610?
2, 5, 3877061
List the prime factors of 3673443.
3, 1224481
What are the prime factors of 74014550?
2, 5, 1480291
What are the prime factors of 126559457?
126559457
List the prime factors of 73030851.
3, 19, 427081
What are the prime factors of 8002797768?
2, 3, 7, 43, 369269
List the prime factors of 140003745.
3, 5, 7, 37, 36037
List the prime factors of 514561512.
2, 3, 173, 123931
List the prime factors of 451295228.
2, 743, 151849
List the prime factors of 285629905.
5, 11, 5193271
What are the prime factors of 6008583?
3, 7, 359, 797
What are the prime factors of 417438155?
5, 23, 3629897
List the prime factors of 3725892050.
2, 5, 53, 1405997
List the prime factors of 5073971295.
3, 5, 401, 843553
List the prime factors of 484088263.
461, 1050083
List the prime factors of 26615146.
2, 491, 27103
List the prime factors of 3910875552.
2, 3, 2963, 4583
What are the prime factors of 872943326?
2, 29, 2287, 6581
List the prime factors of 3242142.
2, 3, 29, 6211
What are the prime factors of 40938083?
40938083
List the prime factors of 192593009.
7, 27513287
What are the prime factors of 296427749?
23, 12888163
What are the prime factors of 418797754?
2, 17, 23, 535547
List the prime factors of 191263133.
9103, 21011
What are the prime factors of 1747267555?
5, 11, 31768501
List the prime factors of 327396868.
2, 37, 2212141
What are the prime factors of 2170162266?
2, 3, 361693711
List the prime factors of 182591990.
2, 5, 7, 227, 11491
What are the prime factors of 283439566?
2, 2731, 51893
What are the prime factors of 54264753?
3, 43, 281, 499
List the prime factors of 22421103.
3, 43, 173807
What are the prime factors of 518946573?
3, 17, 10175423
List the prime factors of 98172245.
5, 41, 97, 4937
List the prime factors of 4197440837.
4197440837
List the prime factors of 573392440.
2, 5, 14334811
What are the prime factors of 1307315404?
2, 83, 3937697
List the prime factors of 33540745.
5, 7, 17, 8053
What are the prime factors of 95154474?
2, 3, 17, 932887
What are the prime factors of 43928537?
193, 227609
List the prime factors of 1204324083.
3, 1033, 129539
List the prime factors of 252740624.
2, 15796289
What are the prime factors of 203596799?
7, 19, 1530803
List the prime factors of 527165851.
527165851
What are the prime factors of 114410013?
3, 683, 55837
List the prime factors of 757338385.
5, 19, 37, 215459
What are the prime factors of 56398581?
3, 1433, 4373
List the prime factors of 596310557.
29, 701, 29333
What are the prime factors of 297817814?
2, 7, 67, 317503
What are the prime factors of 271035307?
359, 754973
List the prime factors of 1874668430.
2, 5, 187466843
What are the prime factors of 231966240?
2, 3, 5, 11, 43933
What are the prime factors of 3391828015?
5, 17, 53, 752903
List the prime factors of 292240319.
7, 17, 37, 66373
List the prime factors of 510045792.
2, 3, 23, 230999
List the prime factors of 224419905.
3, 5, 4987109
What are the prime factors of 33231257?
33231257
List the prime factors of 2043885145.
5, 173, 2362873
What are the prime factors of 267810401?
17, 41, 173, 2221
List the prime factors of 122593976.
2, 59, 259733
List the prime factors of 1183082074.
2, 997, 593321
What are the prime factors of 44733065?
5, 13, 688201
List the prime factors of 94180097.
11, 947, 9041
What are the prime factors of 64881054?
2, 3, 7, 37, 4639
What are the prime factors of 3653094471?
3, 13, 37, 179, 14143
List the prime factors of 1053602444.
2, 263400611
List the prime factors of 775954495.
5, 155190899
List the prime factors of 118450469.
193, 613733
List the prime factors of 53509397.
53509397
List the prime factors of 78441235.
5, 1361, 11527
List the prime factors of 18457993.
1031, 17903
List the prime factors of 36762472.
2, 149, 30841
List the prime factors of 2905326370.
2, 5, 199, 1459963
What are the prime factors of 72063568?
2, 37, 41, 2969
What are the prime factors of 214211584?
2, 53, 3947
List the prime factors of 46179488.
2, 107, 13487
What are the prime factors of 1001880325?
5, 4691, 8543
List the prime factors of 679646534.
2, 7, 2729, 17789
List the prime factors of 16738555.
5, 157, 21323
List the prime factors of 78504777.
3, 13, 673, 997
What are the prime factors of 26335064?
2, 7, 19, 53, 467
What are the prime factors of 291012904?
2, 7, 13, 103, 3881
List the prime factors of 243900236.
2, 60975059
List the prime factors of 231389528.
2, 28923691
List the prime factors of 12463687.
367, 33961
List the prime factors of 89854651.
89854651
What are the prime factors of 47930541?
3, 607, 26321
What are the prime factors of 10663368?
2, 3, 444307
What are the prime factors of 38361738?
2, 3, 6393623
What are the prime factors of 1147351439?
13, 73, 263, 4597
What are the prime factors of 2485641?
3, 828547
What are the prime factors of 3681529385?
5, 23, 677, 47287
List the prime factors of 154470749.
43, 331, 10853
What are the prime factors of 850758332?
2, 53, 1901, 2111
What are the prime factors of 147898890?
2, 3, 5, 41, 149, 269
What are the prime factors of 777223183?
11, 41, 1723333
What are the prime factors of 119459554?
2, 31, 1926767
What are the prime factors of 143590076?
2, 7, 47, 109111
What are the prime factors of 2941184964?
2, 3, 1847, 132701
What are the prime factors of 764785141?
764785141
List the prime factors of 28224044.
2, 19, 37, 10037
What are the prime factors of 4308132045?
3, 5, 7, 41029829
List the prime factors of 19548375.
3, 5, 7, 11, 677
What are the prime factors of 289568011?
289568011
What are the prime factors of 1050420218?
2, 661, 794569
List the prime factors of 1190619623.
41, 3163, 9181
What are the prime factors of 100893477?
3, 19, 1770061
What are the prime factors of 21250246?
2, 19, 559217
What